0 = 5*t - w + 28 + 33. Let k = t - b. What is the remainder when k is divided by 13?
11
Suppose 5*n = m - 16 - 3, 3*n + 25 = 4*m. Let h = 20 - 5. Calculate the remainder when h is divided by m.
3
Let b(w) = 2*w + 8. What is the remainder when 11 is divided by b(-2)?
3
Let a = -51 - -52. What is the remainder when a is divided by 1?
0
Let t = 61 - 22. What is the remainder when 154 is divided by t?
37
Let g = 1 + -1. Let b be 26/4 + 9/6. Suppose g*a + b = 4*a. Calculate the remainder when 2 is divided by a.
0
Let z = -2 - -15. Suppose z + 2 = 3*r. Calculate the remainder when r is divided by 2.
1
Let q = 29 + -14. Let v(s) = -s**2 + 7*s + 4. Calculate the remainder when q is divided by v(7).
3
Suppose 3*z = -2*z + 30. Suppose -g - 55 = -z*g. What is the remainder when 32 is divided by g?
10
Let o be ((-2)/6)/(1/3). Calculate the remainder when 39 is divided by 22 + 4/(o - 3).
18
Let r(p) = p**2 - p - 7. Let x be r(-4). Suppose 17 = 2*t - x. What is the remainder when 28 is divided by t?
13
Suppose -4*i = i. Suppose h - 2*s - 26 = i, 2*s - 2 + 4 = 0. Calculate the remainder when h/1 + (-4)/(-2) is divided by 7.
5
Suppose w + w = 16. Let h(n) = n**2 - 3*n + 1. Let c be h(4). Suppose -2*q + z - 2 = c*z, -4*z + 3 = 3*q. What is the remainder when w is divided by q?
3
Suppose 25 = -2*p + 125. What is the remainder when p is divided by 13?
11
Let u = -76 + 110. Let y(z) = -2*z**2 - 2*z - 1. Let n be y(-1). Calculate the remainder when u is divided by (-13)/n - (-1)/(-1).
10
Let c be 4/6 + (-16)/6. Let h be c*(3 + -1)*-10. Suppose h - 15 = 5*s. What is the remainder when s is divided by 2?
1
Let n(i) = i**3 - 5*i**2 + i + 1. Let l be ((-10)/(-6))/((-1)/(-3)). Calculate the remainder when 1/2 + (-66)/(-4) is divided by n(l).
5
Let a = 11 + 59. Let g = a - 41. Calculate the remainder when g is divided by 16.
13
Suppose -10*a + 29 = -441. Calculate the remainder when 93 is divided by a.
46
Suppose 356 = 5*o - 2*q, -2*o + 28 = 2*q - 106. What is the remainder when o is divided by 24?
22
Let u = -16 + 19. What is the remainder when 4 is divided by u?
1
Let c(s) = -30*s. Let b be c(-1). Let k = b + -4. Suppose -2*o - 10 = -k. Calculate the remainder when 23 is divided by o.
7
Let z = 6 - 12. Let l(v) = v**2 + 4*v - 7. Let n be l(z). Suppose n*h + a - 191 = 0, 4*h - 5*a = -18 + 165. Calculate the remainder when h is divided by 13.
12
Suppose -3*w + 71 = 2. Calculate the remainder when 67 is divided by w.
21
Calculate the remainder when (-66)/4*6/(-9) is divided by (-22)/(-6) + 2/6.
3
Calculate the remainder when ((-12)/(-4) + -30)/(-1) is divided by 16.
11
Calculate the remainder when 34 is divided by (-119)/(-21) + -2*(-1)/(-3).
4
Let b(x) = -x - 1. Let s be b(-4). Suppose q - 8 = -q, -s*v = 3*q - 75. Suppose -m + v + 36 = 4*c, -1 = -m. What is the remainder when 26 is divided by c?
12
Suppose -2*g = -0*g - 6. Let s(u) = -u**2 + 4*u - 2. What is the remainder when 3 is divided by s(g)?
0
Calculate the remainder when (1/(-1))/1*-61 is divided by 16.
13
Suppose 1 = -2*f + 11. Suppose -4*m - 3*g = -2*g - 45, -4*g - 60 = -4*m. Calculate the remainder when m is divided by f.
2
Suppose 0*i = -2*i. Let p = i + 0. Suppose -2*y + p*y = 4*f - 48, 4*y + 2*f = 72. Calculate the remainder when y is divided by 6.
4
Let r = 0 + 2. Suppose r*s - 156 = -2*s. What is the remainder when s is divided by 10?
9
Let m(w) = w**3 - 7*w**2 + 9*w - 9. Let i be m(6). Let n = -9 + 30. Suppose -3*r + n + i = 0. Calculate the remainder when 29 is divided by r.
9
Let p = -139 + 224. Calculate the remainder when p is divided by 24.
13
Let d(i) = i**3 + 4*i - 4. What is the remainder when d(3) is divided by 6?
5
Let s be (-1)/3 - 56/(-6). Let m(y) = -7*y + 4. Let v be m(-6). Suppose 5*l - v = s. What is the remainder when l is divided by 3?
2
Let a(y) = -y + 15. Suppose 4*x = -x + 295. What is the remainder when x is divided by a(0)?
14
Let v(c) = -c**3 - 9*c**2 + 21*c + 2. What is the remainder when 88 is divided by v(-11)?
10
Let y(c) be the first derivative of 4*c**3/3 + c**2/2 - 2*c + 1. Let a(w) = w**2 + w - 3. Let s be a(0). What is the remainder when y(s) is divided by 16?
15
Suppose -39 = -5*t + 21. Suppose 0 = -2*v + 12 + t. What is the remainder when 34 is divided by v?
10
Suppose -5*u + 0 = -5. Suppose -3*a - 5*i - 3 = 7, -5*a - 5*i = 20. Calculate the remainder when ((-2)/a)/(u/40) is divided by 9.
7
Let b = 1 - 2. Let t(r) = -r + 6*r**2 - 9*r**3 + r - 7*r**2. Calculate the remainder when 15 is divided by t(b).
7
Suppose 5 = 8*k - 27. Suppose -w - 12 = 4*a, -2*w + a = 6*a + 12. Let n = w - -2. What is the remainder when n is divided by k?
2
Let c(u) = -5*u**3 - 3*u**2 + 5*u + 1. Let l(w) = 5*w**3 + 4*w**2 - 6*w - 1. Let x(d) = 4*c(d) + 3*l(d). What is the remainder when 15 is divided by x(-1)?
3
Let k(f) = f**3 - 4*f**2 - 10*f + 8. Calculate the remainder when k(7) is divided by 29.
27
Suppose b + 15 = 3*w - 27, 4*b = 2*w - 38. Suppose 87 = 2*y - 3*h, -4*h = -h + 15. What is the remainder when y is divided by w?
10
Let o be 9/3 - (-6 + 6). Suppose 5*a - 3*n = 39, a + 0*a + 3*n = -o. What is the remainder when 21 is divided by a?
3
Let z = -11 - -27. What is the remainder when 47 is divided by z?
15
Suppose 4*h = -5 - 3, o + 5*h = 12. Calculate the remainder when 42 is divided by o.
20
Suppose 0 = 3*s - 2*y - 430, s - 146 = -0*s + 2*y. Calculate the remainder when s is divided by 12.
10
Let v = 240 + -166. Calculate the remainder when v is divided by 38.
36
Let q = 1 - 1. Suppose -3*f = 9 - 57. Suppose -2*d = q, f = 2*v - 4*d - 0*d. Calculate the remainder when 14 is divided by v.
6
Let l be 112/(-6) - (-1)/(-3). Let n = l + 27. What is the remainder when 2*(1 + 8 - 2) is divided by n?
6
Let q = -43 - -60. What is the remainder when 66 is divided by q?
15
Suppose 0*o - 166 = -2*f - 4*o, 0 = -4*f - 4*o + 332. Calculate the remainder when f is divided by 12.
11
Calculate the remainder when (-4)/(-4) + 0 - -26 is divided by 7.
6
Let t(s) = s**3 + 4*s**2 - 5*s + 4. What is the remainder when (-9)/3 - (-36)/3 is divided by t(-5)?
1
Suppose -5*m = -3*m - 66. What is the remainder when m is divided by (-164)/(-14) - (-12)/42?
9
Suppose 5*t - w = w + 89, -5*t - 2*w = -81. Suppose -23 = -5*i + t. What is the remainder when (-2)/4 - (-135)/6 is divided by i?
6
Let y(d) = -d**2 + 5*d - 3. Let z be y(4). Suppose 3*i - z = 20. What is the remainder when i is divided by 4?
3
What is the remainder when ((-81)/12)/((-3)/8) is divided by 8?
2
Let n = -290 - -307. What is the remainder when (5/2)/(1/26) is divided by n?
14
Let j(q) = -q**2 + 15*q - 11. Calculate the remainder when 40 is divided by j(13).
10
Suppose 3*o - 256 = -5*r, -246 = -5*r - 4*o + 6*o. Calculate the remainder when r is divided by 13.
11
Suppose -20 = 2*g - r - 5, 0 = -4*r + 12. Let y be (34/(-3))/(g/(-27)). Let h = y - -83. What is the remainder when h is divided by 17?
15
Suppose k - d - 13 = d, -3*d + 26 = 5*k. Let n(l) = l**2 + 4*l - 7. Let c be n(-5). What is the remainder when c*(-2 - 45/6) is divided by k?
5
Let f = -28 - -40. Calculate the remainder when f is divided by 5.
2
Let n(k) = -k**3 - 8*k**2 - 3*k - 10. Calculate the remainder when 55 is divided by n(-8).
13
Suppose -25*z + 16 = -24*z. What is the remainder when 31 is divided by z?
15
Suppose -10*k = -15*k - 3*w + 275, 2*k - 5*w - 110 = 0. What is the remainder when k is divided by 15?
10
Let d(c) = -c**3 + 10*c**2 - 9*c + 13. Calculate the remainder when 62 is divided by d(9).
10
Suppose -k = 3*k - 144. Suppose 46 = 4*p + 3*o, 4*p - 10*o - 56 = -8*o. Calculate the remainder when k is divided by p.
10
Let l(q) = -q**2 - 7*q + 4. Suppose -o + 2*g - 22 = 6*g, -2*g - 8 = 0. Suppose 4 = -b + 33. What is the remainder when b is divided by l(o)?
9
Let p = 20 + -14. Let g(b) = -6*b + 5. Let l(f) = f - 1. Let a(q) = -g(q) - 3*l(q). Calculate the remainder when 30 is divided by a(p).
14
Let h = -11 - -11. Calculate the remainder when h + 5 - (-3 + 6) is divided by 1.
0
Suppose 0 = -4*m - 0*m + 60. Suppose q = 5*q - 4*s - 180, -4*s + 207 = 5*q. What is the remainder when q is divided by m?
13
Let v = 23 - 49. Let t = v - -38. Calculate the remainder when (0 + 2)/(2/22) is divided by t.
10
Suppose 5*j - 60 + 10 = 0. Suppose 0*b - 5*r + 42 = 3*b, -2*b + r + 28 = 0. L